{"id":793,"date":"2021-11-15T14:26:37","date_gmt":"2021-11-15T12:26:37","guid":{"rendered":"http:\/\/parikanniemi.fi\/?page_id=793"},"modified":"2026-02-27T11:22:52","modified_gmt":"2026-02-27T09:22:52","slug":"parikaniemisaatio","status":"publish","type":"page","link":"https:\/\/parikanniemi.fi\/?page_id=793","title":{"rendered":""},"content":{"rendered":"\t\t<div data-elementor-type=\"wp-page\" data-elementor-id=\"793\" class=\"elementor elementor-793\">\n\t\t\t\t\t\t<section class=\"elementor-section elementor-top-section elementor-element elementor-element-96194ce elementor-section-boxed elementor-section-height-default elementor-section-height-default parallax_section_no qode_elementor_container_no\" data-id=\"96194ce\" data-element_type=\"section\" data-e-type=\"section\">\n\t\t\t\t\t\t<div class=\"elementor-container elementor-column-gap-default\">\n\t\t\t\t\t<div class=\"elementor-column elementor-col-100 elementor-top-column elementor-element elementor-element-205d99d\" data-id=\"205d99d\" data-element_type=\"column\" data-e-type=\"column\">\n\t\t\t<div class=\"elementor-widget-wrap elementor-element-populated\">\n\t\t\t\t\t\t<div class=\"elementor-element elementor-element-720ca2a elementor-widget elementor-widget-spacer\" data-id=\"720ca2a\" data-element_type=\"widget\" data-e-type=\"widget\" data-widget_type=\"spacer.default\">\n\t\t\t\t<div class=\"elementor-widget-container\">\n\t\t\t\t\t\t\t<div class=\"elementor-spacer\">\n\t\t\t<div class=\"elementor-spacer-inner\"><\/div>\n\t\t<\/div>\n\t\t\t\t\t\t<\/div>\n\t\t\t\t<\/div>\n\t\t\t\t<div class=\"elementor-element elementor-element-1959bea elementor-widget elementor-widget-heading\" data-id=\"1959bea\" data-element_type=\"widget\" data-e-type=\"widget\" data-widget_type=\"heading.default\">\n\t\t\t\t<div class=\"elementor-widget-container\">\n\t\t\t\t\t<h2 class=\"elementor-heading-title elementor-size-default\">KONTTI<\/h2>\t\t\t\t<\/div>\n\t\t\t\t<\/div>\n\t\t\t\t<div class=\"elementor-element elementor-element-6935515 elementor-widget elementor-widget-spacer\" data-id=\"6935515\" data-element_type=\"widget\" data-e-type=\"widget\" data-widget_type=\"spacer.default\">\n\t\t\t\t<div class=\"elementor-widget-container\">\n\t\t\t\t\t\t\t<div class=\"elementor-spacer\">\n\t\t\t<div class=\"elementor-spacer-inner\"><\/div>\n\t\t<\/div>\n\t\t\t\t\t\t<\/div>\n\t\t\t\t<\/div>\n\t\t\t\t\t<\/div>\n\t\t<\/div>\n\t\t\t\t\t<\/div>\n\t\t<\/section>\n\t\t\t\t<section class=\"elementor-section elementor-top-section elementor-element elementor-element-d804c5e elementor-section-boxed elementor-section-height-default elementor-section-height-default parallax_section_no qode_elementor_container_no\" data-id=\"d804c5e\" data-element_type=\"section\" data-e-type=\"section\">\n\t\t\t\t\t\t<div class=\"elementor-container elementor-column-gap-default\">\n\t\t\t\t\t<div class=\"elementor-column elementor-col-66 elementor-top-column elementor-element elementor-element-754e94a\" data-id=\"754e94a\" data-element_type=\"column\" data-e-type=\"column\">\n\t\t\t<div class=\"elementor-widget-wrap elementor-element-populated\">\n\t\t\t\t\t\t<div class=\"elementor-element elementor-element-4dbfba1 elementor-widget elementor-widget-text-editor\" data-id=\"4dbfba1\" data-element_type=\"widget\" data-e-type=\"widget\" data-widget_type=\"text-editor.default\">\n\t\t\t\t<div class=\"elementor-widget-container\">\n\t\t\t\t\t\t\t\t\t<p><strong>Parikanniemis\u00e4\u00e4ti\u00f6n Yst\u00e4v\u00e4t Ry<\/strong> julkaisee nelj\u00e4 kertaa vuodessa ilmestyv\u00e4\u00e4 <strong><em>Kontti<\/em>-lehte\u00e4<\/strong> sek\u00e4 myy muun muassa kirjallisuutta, kortteja sek\u00e4 \u00e4\u00e4nitteit\u00e4. Kirjoja ja muita tuotteita on saatavilla tilaisuuksissamme tai niit\u00e4 voi tilata Parikanniemest\u00e4.<\/p><p>\u00a0<\/p><p><strong>Parikanniemen Kontti -lehte\u00e4 p\u00e4\u00e4set lukemaan klikkaamalla alla olevasta &#8221;Lukusali&#8221; -palvelun ikonista!<\/strong><\/p>\t\t\t\t\t\t\t\t<\/div>\n\t\t\t\t<\/div>\n\t\t\t\t<div class=\"elementor-element elementor-element-329768a elementor-widget elementor-widget-image\" data-id=\"329768a\" data-element_type=\"widget\" data-e-type=\"widget\" data-widget_type=\"image.default\">\n\t\t\t\t<div class=\"elementor-widget-container\">\n\t\t\t\t\t\t\t\t\t\t\t\t\t\t\t\t<a href=\"https:\/\/www.lukusali.fi\/?p=Parikanniemen%20Kontti\" target=\"_blank\">\n\t\t\t\t\t\t\t<img decoding=\"async\" width=\"100\" height=\"100\" src=\"https:\/\/parikanniemi.fi\/wp-content\/uploads\/2023\/04\/logo2.png\" class=\"attachment-large size-large wp-image-2957\" alt=\"\" \/>\t\t\t\t\t\t\t\t<\/a>\n\t\t\t\t\t\t\t\t\t\t\t\t\t\t\t<\/div>\n\t\t\t\t<\/div>\n\t\t\t\t\t<\/div>\n\t\t<\/div>\n\t\t\t\t<div class=\"elementor-column elementor-col-33 elementor-top-column elementor-element elementor-element-ae202d0\" data-id=\"ae202d0\" data-element_type=\"column\" data-e-type=\"column\">\n\t\t\t<div class=\"elementor-widget-wrap elementor-element-populated\">\n\t\t\t\t\t\t<div class=\"elementor-element elementor-element-c1250d8 elementor-widget elementor-widget-image\" data-id=\"c1250d8\" data-element_type=\"widget\" data-e-type=\"widget\" data-widget_type=\"image.default\">\n\t\t\t\t<div class=\"elementor-widget-container\">\n\t\t\t\t\t\t\t\t\t\t\t\t\t\t\t<img fetchpriority=\"high\" decoding=\"async\" width=\"1024\" height=\"683\" src=\"https:\/\/parikanniemi.fi\/wp-content\/uploads\/2021\/09\/kontti-1024x683.jpg\" class=\"attachment-large size-large wp-image-521\" alt=\"\" srcset=\"https:\/\/parikanniemi.fi\/wp-content\/uploads\/2021\/09\/kontti-1024x683.jpg 1024w, https:\/\/parikanniemi.fi\/wp-content\/uploads\/2021\/09\/kontti-300x200.jpg 300w, https:\/\/parikanniemi.fi\/wp-content\/uploads\/2021\/09\/kontti-768x512.jpg 768w, https:\/\/parikanniemi.fi\/wp-content\/uploads\/2021\/09\/kontti-700x467.jpg 700w, https:\/\/parikanniemi.fi\/wp-content\/uploads\/2021\/09\/kontti.jpg 1500w\" sizes=\"(max-width: 1024px) 100vw, 1024px\" \/>\t\t\t\t\t\t\t\t\t\t\t\t\t\t\t<\/div>\n\t\t\t\t<\/div>\n\t\t\t\t\t<\/div>\n\t\t<\/div>\n\t\t\t\t\t<\/div>\n\t\t<\/section>\n\t\t\t\t<section class=\"elementor-section elementor-top-section elementor-element elementor-element-9f38c9c elementor-section-boxed elementor-section-height-default elementor-section-height-default parallax_section_no qode_elementor_container_no\" data-id=\"9f38c9c\" data-element_type=\"section\" data-e-type=\"section\">\n\t\t\t\t\t\t<div class=\"elementor-container elementor-column-gap-default\">\n\t\t\t\t\t<div class=\"elementor-column elementor-col-100 elementor-top-column elementor-element elementor-element-19ab5bf\" data-id=\"19ab5bf\" data-element_type=\"column\" data-e-type=\"column\">\n\t\t\t<div class=\"elementor-widget-wrap elementor-element-populated\">\n\t\t\t\t\t\t<div class=\"elementor-element elementor-element-418a1c2 elementor-widget elementor-widget-spacer\" data-id=\"418a1c2\" data-element_type=\"widget\" data-e-type=\"widget\" data-widget_type=\"spacer.default\">\n\t\t\t\t<div class=\"elementor-widget-container\">\n\t\t\t\t\t\t\t<div class=\"elementor-spacer\">\n\t\t\t<div class=\"elementor-spacer-inner\"><\/div>\n\t\t<\/div>\n\t\t\t\t\t\t<\/div>\n\t\t\t\t<\/div>\n\t\t\t\t\t<\/div>\n\t\t<\/div>\n\t\t\t\t\t<\/div>\n\t\t<\/section>\n\t\t\t\t<section class=\"elementor-section elementor-top-section elementor-element elementor-element-bbdb5ab elementor-section-boxed elementor-section-height-default elementor-section-height-default parallax_section_no qode_elementor_container_no\" data-id=\"bbdb5ab\" data-element_type=\"section\" data-e-type=\"section\">\n\t\t\t\t\t\t<div class=\"elementor-container elementor-column-gap-default\">\n\t\t\t\t\t<div class=\"elementor-column elementor-col-66 elementor-top-column elementor-element elementor-element-2776ea1\" data-id=\"2776ea1\" data-element_type=\"column\" data-e-type=\"column\">\n\t\t\t<div class=\"elementor-widget-wrap elementor-element-populated\">\n\t\t\t\t\t\t<div class=\"elementor-element elementor-element-836427e elementor-widget elementor-widget-text-editor\" data-id=\"836427e\" data-element_type=\"widget\" data-e-type=\"widget\" data-widget_type=\"text-editor.default\">\n\t\t\t\t<div class=\"elementor-widget-container\">\n\t\t\t\t\t\t\t\t\t<h6><strong>Parikanniemen Kontti<\/strong><\/h6><p><strong><br \/>P\u00e4\u00e4toimittaja<\/strong><br \/>Teuvo V. Riikonen<\/p><p><strong>Toimitusneuvosto<\/strong><br \/>Meiju Bonsdorff, Krista Eskelinen, Kimmo Jaatila, Thorleif Johansson, Janita Lautam\u00e4ki, Markku Liukkonen, Marika Lehto, Kalervo P\u00f6ykk\u00f6, Teuvo V. Riikonen, Ari T\u00e4hk\u00e4p\u00e4\u00e4<\/p><p><strong><br \/>Toimitus<\/strong><br \/>Janita Lautam\u00e4ki, Petri Tiusanen<\/p><p class=\"\"><strong><br \/>Avustajat<\/strong><br \/>Risto Teittinen, Matti Pasanen<\/p><p><strong><br \/>Taitto<\/strong><br \/>Meiju Bonsdorff<\/p><p><strong><br \/>Kustantaja<\/strong><br \/>Parikanniemen Yst\u00e4v\u00e4t ry<br \/>Parikanniementie 130<br \/>52320 Vitsi\u00e4l\u00e4<br \/>ISSN 2323-7465 (painettu)<br \/>ISSN 2323-7473 (verkkojulkaisu)<\/p><p><strong><br \/>Painopaikka<\/strong><br \/>Teroprint Oy, Mikkeli<\/p><p><strong><br \/>Lehden voit tilata liittym\u00e4ll\u00e4 Parikanniemen Yst\u00e4v\u00e4t ry:n j\u00e4seneksi. Lehti tulee \u00a0j\u00e4senille automaattisesti.\u00a0<\/strong><\/p>\t\t\t\t\t\t\t\t<\/div>\n\t\t\t\t<\/div>\n\t\t\t\t<div class=\"elementor-element elementor-element-7facbe4 elementor-widget elementor-widget-button\" data-id=\"7facbe4\" data-element_type=\"widget\" data-e-type=\"widget\" data-widget_type=\"button.default\">\n\t\t\t\t<div class=\"elementor-widget-container\">\n\t\t\t\t\t\t\t\t\t<div class=\"elementor-button-wrapper\">\n\t\t\t\t\t<a class=\"elementor-button elementor-button-link elementor-size-lg\" href=\"https:\/\/parikanniemi.fi\/?page_id=777\">\n\t\t\t\t\t\t<span class=\"elementor-button-content-wrapper\">\n\t\t\t\t\t\t\t\t\t<span class=\"elementor-button-text\">Liity j\u00e4seneksi<\/span>\n\t\t\t\t\t<\/span>\n\t\t\t\t\t<\/a>\n\t\t\t\t<\/div>\n\t\t\t\t\t\t\t\t<\/div>\n\t\t\t\t<\/div>\n\t\t\t\t\t<\/div>\n\t\t<\/div>\n\t\t\t\t<div class=\"elementor-column elementor-col-33 elementor-top-column elementor-element elementor-element-0d678d8\" data-id=\"0d678d8\" data-element_type=\"column\" data-e-type=\"column\">\n\t\t\t<div class=\"elementor-widget-wrap elementor-element-populated\">\n\t\t\t\t\t\t<div class=\"elementor-element elementor-element-4f2d6bb elementor-widget elementor-widget-heading\" data-id=\"4f2d6bb\" data-element_type=\"widget\" data-e-type=\"widget\" data-widget_type=\"heading.default\">\n\t\t\t\t<div class=\"elementor-widget-container\">\n\t\t\t\t\t<h6 class=\"elementor-heading-title elementor-size-default\">Katsele lehti\u00e4 t\u00e4st\u00e4<\/h6>\t\t\t\t<\/div>\n\t\t\t\t<\/div>\n\t\t\t\t<div class=\"elementor-element elementor-element-32ba0e3 elementor-widget elementor-widget-text-editor\" data-id=\"32ba0e3\" data-element_type=\"widget\" data-e-type=\"widget\" data-widget_type=\"text-editor.default\">\n\t\t\t\t<div class=\"elementor-widget-container\">\n\t\t\t\t\t\t\t\t\t<p><a href=\"https:\/\/parikanniemi.fi\/wp-content\/uploads\/2026\/02\/Kontti-2026-1.pdf\">KONTTI 1\/2026<\/a><\/p><p><a href=\"https:\/\/parikanniemi.fi\/wp-content\/uploads\/2026\/02\/Kontti-2025-4.pdf\">KONTTI 4\/2025<\/a><\/p><p><a href=\"https:\/\/parikanniemi.fi\/wp-content\/uploads\/2025\/08\/Kontti-2025-3.pdf\">KONTTI 3\/2025<\/a><\/p><p><a href=\"https:\/\/parikanniemi.fi\/wp-content\/uploads\/2025\/05\/Kontti-2025-2.pdf\">KONTTI 2\/2025<\/a><\/p><p><a href=\"https:\/\/parikanniemi.fi\/wp-content\/uploads\/2025\/03\/Kontti-2025-1.pdf\">KONTTI 1\/2025<\/a><\/p><p><a href=\"https:\/\/parikanniemi.fi\/wp-content\/uploads\/2024\/11\/Kontti-2024-4.pdf\">KONTTI 4\/2024<\/a><\/p><p><a href=\"https:\/\/parikanniemi.fi\/wp-content\/uploads\/2024\/08\/Kontti-2024-3.pdf\">KONTTI 3\/2024<\/a><\/p><p><a href=\"https:\/\/parikanniemi.fi\/wp-content\/uploads\/2024\/05\/Kontti-2024-2.pdf\">KONTTI 2\/2024<\/a><\/p><p><a href=\"https:\/\/parikanniemi.fi\/wp-content\/uploads\/2024\/02\/Kontti-2024-1.pdf\">KONTTI 1\/2024<\/a><\/p><p><a href=\"https:\/\/parikanniemi.fi\/wp-content\/uploads\/2023\/11\/Kontti-2023-4.pdf\">KONTTI 4\/2023<\/a><\/p><p><a href=\"https:\/\/parikanniemi.fi\/wp-content\/uploads\/2023\/07\/Kontti-2023-3.pdf\">KONTTI 3\/2023<\/a><\/p><p><a href=\"https:\/\/parikanniemi.fi\/wp-content\/uploads\/2023\/05\/Kontti-2023-2.pdf\">KONTTI 2\/2023<\/a><\/p><p><a href=\"https:\/\/parikanniemi.fi\/wp-content\/uploads\/2023\/02\/Kontti-2023-1.pdf\">KONTTI 1\/2023<\/a><\/p><p><a href=\"https:\/\/parikanniemi.fi\/wp-content\/uploads\/2022\/11\/Kontti-2022-4.pdf\">KONTTI 4\/2022<\/a><\/p><p><a href=\"https:\/\/parikanniemi.fi\/wp-content\/uploads\/2022\/08\/Kontti-2022-3.pdf\">KONTTI 3\/2022<\/a><\/p><p><a href=\"https:\/\/parikanniemi.fi\/wp-content\/uploads\/2022\/05\/Kontti-2022-2.pdf\">KONTTI 2\/2022<\/a><\/p><p><a href=\"https:\/\/parikanniemi.fi\/wp-content\/uploads\/2022\/02\/Kontti-2022-1.pdf\">KONTTI 1\/2022<\/a><\/p><p><a href=\"https:\/\/parikanniemi.fi\/wp-content\/uploads\/2022\/02\/Kontti-2021-4.pdf\" target=\"_blank\" rel=\"noopener\">KONTTI 4\/2021<\/a><br \/><a href=\"https:\/\/parikanniemi.fi\/wp-content\/uploads\/2022\/02\/Kontti-2021-3.pdf\" target=\"_blank\" rel=\"noopener\">KONTTI 3\/2021<\/a><br \/><a href=\"https:\/\/parikanniemi.fi\/wp-content\/uploads\/2022\/02\/Kontti-2021-2.pdf\" target=\"_blank\" rel=\"noopener\">KONTTI 2\/2021<\/a><br \/><a href=\"https:\/\/parikanniemi.fi\/wp-content\/uploads\/2022\/02\/Kontti-2021-1.pdf\" target=\"_blank\" rel=\"noopener\">KONTTI 1\/2021<\/a><br \/><a href=\"https:\/\/parikanniemi.fi\/wp-content\/uploads\/2022\/02\/Kontti-2020-4.pdf\" target=\"_blank\" rel=\"noopener\">KONTTI 4\/2020<\/a><br \/><a href=\"https:\/\/parikanniemi.fi\/wp-content\/uploads\/2022\/02\/Kontti-2020-3.pdf\" target=\"_blank\" rel=\"noopener\">KONTTI 3\/2020<\/a><br \/><a href=\"https:\/\/parikanniemi.fi\/wp-content\/uploads\/2022\/02\/Kontti-2020-2.pdf\" target=\"_blank\" rel=\"noopener\">KONTTI 2\/2020<\/a><br \/><a href=\"https:\/\/parikanniemi.fi\/wp-content\/uploads\/2022\/02\/Kontti-2020-1.pdf\" target=\"_blank\" rel=\"noopener\">KONTTI 1\/2020<\/a><br \/><a href=\"https:\/\/parikanniemi.fi\/wp-content\/uploads\/2022\/02\/Kontti-2019-4.pdf\" target=\"_blank\" rel=\"noopener\">KONTTI 4\/2019<\/a><br \/><a href=\"https:\/\/parikanniemi.fi\/wp-content\/uploads\/2022\/02\/Kontti-2019-3.pdf\" target=\"_blank\" rel=\"noopener\">KONTTI 3\/2019<\/a><br \/><a href=\"https:\/\/parikanniemi.fi\/wp-content\/uploads\/2022\/02\/Kontti-2019-2.pdf\" target=\"_blank\" rel=\"noopener\">KONTTI 2\/2019<\/a><br \/><a href=\"https:\/\/parikanniemi.fi\/wp-content\/uploads\/2022\/02\/Kontti-2019-1.pdf\" target=\"_blank\" rel=\"noopener\">KONTTI 1\/2019<\/a><br \/><a href=\"https:\/\/parikanniemi.fi\/wp-content\/uploads\/2022\/02\/Kontti-2018-4.pdf\" target=\"_blank\" rel=\"noopener\">KONTTI 4\/2018<\/a><br \/><a href=\"https:\/\/static1.squarespace.com\/static\/5ae56f3a9772ae321fa435be\/t\/5b8e54f9b8a045c95ec39cca\/1536054531811\/Kontti-3-2018_NET.pdf\" target=\"_blank\" rel=\"noopener\">KONTTI 3\/2018<\/a><br \/><a href=\"https:\/\/parikanniemi.fi\/wp-content\/uploads\/2022\/02\/Kontti-2018-2.pdf\" target=\"_blank\" rel=\"noopener\">KONTTI 2\/2018<\/a><br \/><a href=\"https:\/\/parikanniemi.fi\/wp-content\/uploads\/2022\/02\/Kontti-2018-1.pdf\" target=\"_blank\" rel=\"noopener\">KONTTI 1\/2018<\/a><br \/><a href=\"https:\/\/parikanniemi.fi\/wp-content\/uploads\/2022\/02\/Kontti-2017-4.pdf\" target=\"_blank\" rel=\"noopener\">KONTTI 4\/2017<\/a><br \/><a href=\"https:\/\/parikanniemi.fi\/wp-content\/uploads\/2022\/02\/Kontti-2017-3.pdf\" target=\"_blank\" rel=\"noopener\">KONTTI 3\/2017<\/a><br \/><a href=\"https:\/\/parikanniemi.fi\/wp-content\/uploads\/2022\/02\/Kontti-2017-2.pdf\" target=\"_blank\" rel=\"noopener\">KONTTI 2\/2017<\/a><br \/><a href=\"https:\/\/parikanniemi.fi\/wp-content\/uploads\/2022\/02\/Kontti-2017-1.pdf\" target=\"_blank\" rel=\"noopener\">KONTTI 1\/2017<\/a><br \/><a href=\"https:\/\/parikanniemi.fi\/wp-content\/uploads\/2022\/02\/Kontti-2016-4.pdf\" target=\"_blank\" rel=\"noopener\">KONTTI 4\/2016<\/a><br \/><a href=\"https:\/\/parikanniemi.fi\/wp-content\/uploads\/2022\/02\/Kontti-2016-3.pdf\" target=\"_blank\" rel=\"noopener\">KONTTI 3\/2016<\/a><br \/><a href=\"https:\/\/parikanniemi.fi\/wp-content\/uploads\/2022\/02\/Kontti-2016-2.pdf\" target=\"_blank\" rel=\"noopener\">KONTTI 2\/2016<\/a><br \/><a href=\"https:\/\/parikanniemi.fi\/wp-content\/uploads\/2022\/02\/Kontti-2016-1.pdf\" target=\"_blank\" rel=\"noopener\">KONTTI 1\/2016<\/a><br \/><a href=\"https:\/\/parikanniemi.fi\/wp-content\/uploads\/2022\/02\/Kontti-2015-4.pdf\" target=\"_blank\" rel=\"noopener\">KONTTI 4\/2015<\/a><br \/><a href=\"https:\/\/parikanniemi.fi\/wp-content\/uploads\/2022\/02\/Kontti-2015-3.pdf\" target=\"_blank\" rel=\"noopener\">KONTTI 3\/2015<\/a><br \/><a href=\"https:\/\/parikanniemi.fi\/wp-content\/uploads\/2022\/02\/Kontti-2015-2.pdf\" target=\"_blank\" rel=\"noopener\">KONTTI 2\/2015<\/a><br \/><a href=\"https:\/\/parikanniemi.fi\/wp-content\/uploads\/2022\/02\/Kontti-2015-1.pdf\" target=\"_blank\" rel=\"noopener\">KONTTI 1\/2015<\/a><br \/><a href=\"https:\/\/parikanniemi.fi\/wp-content\/uploads\/2022\/02\/Kontti-2014-4.pdf\" target=\"_blank\" rel=\"noopener\">KONTTI 4\/2014<\/a><br \/><a href=\"https:\/\/parikanniemi.fi\/wp-content\/uploads\/2022\/02\/Kontti-2014-3.pdf\" target=\"_blank\" rel=\"noopener\">KONTTI 3\/2014<\/a><br \/><a href=\"https:\/\/parikanniemi.fi\/wp-content\/uploads\/2022\/02\/Kontti-2014-2.pdf\" target=\"_blank\" rel=\"noopener\">KONTTI 2\/2014<\/a><br \/><a href=\"https:\/\/parikanniemi.fi\/wp-content\/uploads\/2022\/02\/Kontti-2014-1.pdf\" target=\"_blank\" rel=\"noopener\">KONTTI 1\/2014<\/a><br \/><a href=\"https:\/\/parikanniemi.fi\/wp-content\/uploads\/2022\/02\/Kontti-2013-4.pdf\" target=\"_blank\" rel=\"noopener\">KONTTI 4\/2013<\/a><br \/><a href=\"https:\/\/parikanniemi.fi\/wp-content\/uploads\/2022\/02\/Kontti-2013-3.pdf\" target=\"_blank\" rel=\"noopener\">KONTTI 3\/2013<\/a><br \/><a href=\"https:\/\/parikanniemi.fi\/wp-content\/uploads\/2022\/02\/Kontti-2013-2.pdf\" target=\"_blank\" rel=\"noopener\">KONTTI 2\/2013<\/a><br \/><a href=\"https:\/\/parikanniemi.fi\/wp-content\/uploads\/2022\/02\/Kontti-2013-1.pdf\">KONTTI 1\/2013<\/a><\/p>\t\t\t\t\t\t\t\t<\/div>\n\t\t\t\t<\/div>\n\t\t\t\t\t<\/div>\n\t\t<\/div>\n\t\t\t\t\t<\/div>\n\t\t<\/section>\n\t\t\t\t<section class=\"elementor-section elementor-top-section elementor-element elementor-element-7a4b427 elementor-section-boxed elementor-section-height-default elementor-section-height-default parallax_section_no qode_elementor_container_no\" data-id=\"7a4b427\" data-element_type=\"section\" data-e-type=\"section\">\n\t\t\t\t\t\t<div class=\"elementor-container elementor-column-gap-default\">\n\t\t\t\t\t<div class=\"elementor-column elementor-col-100 elementor-top-column elementor-element elementor-element-fff0b51\" data-id=\"fff0b51\" data-element_type=\"column\" data-e-type=\"column\">\n\t\t\t<div class=\"elementor-widget-wrap elementor-element-populated\">\n\t\t\t\t\t\t<div class=\"elementor-element elementor-element-a71e4f5 elementor-widget elementor-widget-spacer\" data-id=\"a71e4f5\" data-element_type=\"widget\" data-e-type=\"widget\" data-widget_type=\"spacer.default\">\n\t\t\t\t<div class=\"elementor-widget-container\">\n\t\t\t\t\t\t\t<div class=\"elementor-spacer\">\n\t\t\t<div class=\"elementor-spacer-inner\"><\/div>\n\t\t<\/div>\n\t\t\t\t\t\t<\/div>\n\t\t\t\t<\/div>\n\t\t\t\t\t<\/div>\n\t\t<\/div>\n\t\t\t\t\t<\/div>\n\t\t<\/section>\n\t\t\t\t<\/div>\n\t\t","protected":false},"excerpt":{"rendered":"<p>KONTTI Parikanniemis\u00e4\u00e4ti\u00f6n Yst\u00e4v\u00e4t Ry julkaisee nelj\u00e4 kertaa vuodessa ilmestyv\u00e4\u00e4 Kontti-lehte\u00e4 sek\u00e4 myy muun muassa kirjallisuutta, kortteja sek\u00e4 \u00e4\u00e4nitteit\u00e4. Kirjoja ja muita tuotteita on saatavilla tilaisuuksissamme tai niit\u00e4 voi tilata Parikanniemest\u00e4. \u00a0 Parikanniemen Kontti -lehte\u00e4 p\u00e4\u00e4set lukemaan klikkaamalla alla olevasta &#8221;Lukusali&#8221; -palvelun ikonista! Parikanniemen Kontti P\u00e4\u00e4toimittajaTeuvo&#8230;<\/p>\n","protected":false},"author":1,"featured_media":0,"parent":287,"menu_order":0,"comment_status":"closed","ping_status":"closed","template":"full_width.php","meta":{"_tec_requires_first_save":true,"_EventAllDay":false,"_EventTimezone":"","_EventStartDate":"","_EventEndDate":"","_EventStartDateUTC":"","_EventEndDateUTC":"","_EventShowMap":false,"_EventShowMapLink":false,"_EventURL":"","_EventCost":"","_EventCostDescription":"","_EventCurrencySymbol":"","_EventCurrencyCode":"","_EventCurrencyPosition":"","_EventDateTimeSeparator":"","_EventTimeRangeSeparator":"","_EventOrganizerID":[],"_EventVenueID":[],"_OrganizerEmail":"","_OrganizerPhone":"","_OrganizerWebsite":"","_VenueAddress":"","_VenueCity":"","_VenueCountry":"","_VenueProvince":"","_VenueState":"","_VenueZip":"","_VenuePhone":"","_VenueURL":"","_VenueStateProvince":"","_VenueLat":"","_VenueLng":"","_VenueShowMap":false,"_VenueShowMapLink":false,"_tribe_blocks_recurrence_rules":"","_tribe_blocks_recurrence_description":"","_tribe_blocks_recurrence_exclusions":"","footnotes":""},"class_list":["post-793","page","type-page","status-publish","hentry"],"_links":{"self":[{"href":"https:\/\/parikanniemi.fi\/index.php?rest_route=\/wp\/v2\/pages\/793","targetHints":{"allow":["GET"]}}],"collection":[{"href":"https:\/\/parikanniemi.fi\/index.php?rest_route=\/wp\/v2\/pages"}],"about":[{"href":"https:\/\/parikanniemi.fi\/index.php?rest_route=\/wp\/v2\/types\/page"}],"author":[{"embeddable":true,"href":"https:\/\/parikanniemi.fi\/index.php?rest_route=\/wp\/v2\/users\/1"}],"replies":[{"embeddable":true,"href":"https:\/\/parikanniemi.fi\/index.php?rest_route=%2Fwp%2Fv2%2Fcomments&post=793"}],"version-history":[{"count":295,"href":"https:\/\/parikanniemi.fi\/index.php?rest_route=\/wp\/v2\/pages\/793\/revisions"}],"predecessor-version":[{"id":4445,"href":"https:\/\/parikanniemi.fi\/index.php?rest_route=\/wp\/v2\/pages\/793\/revisions\/4445"}],"up":[{"embeddable":true,"href":"https:\/\/parikanniemi.fi\/index.php?rest_route=\/wp\/v2\/pages\/287"}],"wp:attachment":[{"href":"https:\/\/parikanniemi.fi\/index.php?rest_route=%2Fwp%2Fv2%2Fmedia&parent=793"}],"curies":[{"name":"wp","href":"https:\/\/api.w.org\/{rel}","templated":true}]}}