{"id":1208,"date":"2021-12-22T11:42:26","date_gmt":"2021-12-22T09:42:26","guid":{"rendered":"http:\/\/parikanniemi.fi\/?page_id=1208"},"modified":"2021-12-22T11:44:48","modified_gmt":"2021-12-22T09:44:48","slug":"historia","status":"publish","type":"page","link":"https:\/\/parikanniemi.fi\/?page_id=1208","title":{"rendered":""},"content":{"rendered":"\t\t<div data-elementor-type=\"wp-page\" data-elementor-id=\"1208\" class=\"elementor elementor-1208\">\n\t\t\t\t\t\t<section class=\"elementor-section elementor-top-section elementor-element elementor-element-bffe4f1 elementor-section-boxed elementor-section-height-default elementor-section-height-default parallax_section_no qode_elementor_container_no\" data-id=\"bffe4f1\" data-element_type=\"section\" data-e-type=\"section\">\n\t\t\t\t\t\t<div class=\"elementor-container elementor-column-gap-default\">\n\t\t\t\t\t<div class=\"elementor-column elementor-col-100 elementor-top-column elementor-element elementor-element-f12a026\" data-id=\"f12a026\" data-element_type=\"column\" data-e-type=\"column\">\n\t\t\t<div class=\"elementor-widget-wrap elementor-element-populated\">\n\t\t\t\t\t\t<div class=\"elementor-element elementor-element-d363306 elementor-widget elementor-widget-spacer\" data-id=\"d363306\" data-element_type=\"widget\" data-e-type=\"widget\" data-widget_type=\"spacer.default\">\n\t\t\t\t<div class=\"elementor-widget-container\">\n\t\t\t\t\t\t\t<div class=\"elementor-spacer\">\n\t\t\t<div class=\"elementor-spacer-inner\"><\/div>\n\t\t<\/div>\n\t\t\t\t\t\t<\/div>\n\t\t\t\t<\/div>\n\t\t\t\t<div class=\"elementor-element elementor-element-a062d9f elementor-widget elementor-widget-heading\" data-id=\"a062d9f\" data-element_type=\"widget\" data-e-type=\"widget\" data-widget_type=\"heading.default\">\n\t\t\t\t<div class=\"elementor-widget-container\">\n\t\t\t\t\t<h2 class=\"elementor-heading-title elementor-size-default\">HISTORIA<\/h2>\t\t\t\t<\/div>\n\t\t\t\t<\/div>\n\t\t\t\t<div class=\"elementor-element elementor-element-7eb0851 elementor-widget elementor-widget-spacer\" data-id=\"7eb0851\" data-element_type=\"widget\" data-e-type=\"widget\" data-widget_type=\"spacer.default\">\n\t\t\t\t<div class=\"elementor-widget-container\">\n\t\t\t\t\t\t\t<div class=\"elementor-spacer\">\n\t\t\t<div class=\"elementor-spacer-inner\"><\/div>\n\t\t<\/div>\n\t\t\t\t\t\t<\/div>\n\t\t\t\t<\/div>\n\t\t\t\t<div class=\"elementor-element elementor-element-ef64026 elementor-widget elementor-widget-text-editor\" data-id=\"ef64026\" data-element_type=\"widget\" data-e-type=\"widget\" data-widget_type=\"text-editor.default\">\n\t\t\t\t<div class=\"elementor-widget-container\">\n\t\t\t\t\t\t\t\t\t<section class=\"elementor-section elementor-top-section elementor-element elementor-element-17fb00c elementor-section-boxed elementor-section-height-default elementor-section-height-default parallax_section_no qode_elementor_container_no\" data-id=\"17fb00c\" data-element_type=\"section\"><div class=\"elementor-container elementor-column-gap-default\"><div class=\"elementor-column elementor-col-100 elementor-top-column elementor-element elementor-element-fe9243c\" data-id=\"fe9243c\" data-element_type=\"column\"><div class=\"elementor-widget-wrap elementor-element-populated\"><div class=\"elementor-element elementor-element-7fa24d0 elementor-widget elementor-widget-text-editor\" data-id=\"7fa24d0\" data-element_type=\"widget\" data-widget_type=\"text-editor.default\"><div class=\"elementor-widget-container\"><p>Mikkeliss\u00e4 sijaitseva Parikanniemis\u00e4\u00e4ti\u00f6 on perustettu vuonna 1967 jatkamaan ns. uukuniemel\u00e4isen\u00a0her\u00e4tyksen perint\u00f6\u00e4 ja toimintaa. Ristiinan kunnan liittyess\u00e4 Mikkeliin vuoden 2013 alusta s\u00e4\u00e4ti\u00f6n\u00a0keskuspaikka on nyt Mikkelin kaupunki.<\/p><p>\u00a0<\/p><p>Ennen s\u00e4\u00e4ti\u00f6n perustamista toiminta tapahtui kannatusyhdistyksen eli Parikanniemen Orpokotiyhdistys\u00a0ry:n kautta, joka on perustettu jo vuonna 1917. Vuonna 2013 kannatusyhdistyksen nimi muutettiin\u00a0Parikanniemen Yst\u00e4v\u00e4t ry:ksi.\u00a0Kannatusyhdistykseen voi liitty\u00e4 jokainen, joka haluaa tukea ty\u00f6t\u00e4mme.<\/p><p>\u00a0<\/p><p>Parikanniemis\u00e4\u00e4ti\u00f6n ty\u00f6 tunnetaan monista eri asioista.\u00a0Ristiinassa sijaitsevasta lastenkodistaan, Parikkalan\u00a0Saaren kirkolla vuosittain elokuun puolessa v\u00e4liss\u00e4 j\u00e4rjestett\u00e4vist\u00e4 Orpokotijuhlista, edesmenneen\u00a0evankelista\u00a0Erkki Lemisen\u00a0julistuksesta ja kirjoista sek\u00e4 lastenkodilla 1990-luvun lopulta asti\u00a0j\u00e4rjestetyst\u00e4\u00a0Matka Betlehemiin\u00a0-joulukuvaelmasta.<\/p><p>\u00a0<\/p><p>Vuosina 2011\u20132012 Hyvink\u00e4\u00e4n kes\u00e4teatterissa esitettiin kahtena kes\u00e4n\u00e4\u00a0Jouni Laineen\u00a0kirjoittama Helena\u00a0Konttinen \u2013 Karjalan naisprofeetta\u00a0-n\u00e4ytelm\u00e4, jonka kautta liikkeen historia ja sanoma tuli tuhansille\u00a0tutuksi. N\u00e4ytelm\u00e4 esitettiin viel\u00e4 kaksi kertaa Parikkalan Oronmyllyn leirikeskuksessa elokuussa 2012\u00a0Orpokotijuhlien j\u00e4lkeen.<\/p><p>\u00a0<\/p><p>Vuonna 2016 Oronmyllyll\u00e4 esitettiin\u00a0Arto Myll\u00e4risen\u00a0ja Teuvo V. Riikosen\u00a0kirjoittama\u00a0kes\u00e4teatterin\u00e4ytelm\u00e4\u00a0Kodittomat, joka kertoi orpokodin ja lastenkodin historiasta. My\u00f6s\u00a0K.E.\u00a0Sarlinin\u00a0kirjoittama kirja Er\u00e4s meid\u00e4n ajan profeetta (1943), jota on myyty kymmeni\u00e4 tuhansia kappaleita,\u00a0on tehnyt liikett\u00e4 tunnetuksi. Vuonna 2022\u00a0Oronmyllyll\u00e4 esitet\u00e4\u00e4n Mirja Valtosen ja Teuvo V. Riikosen\u00a0kirjoittama kes\u00e4teatterin\u00e4ytelm\u00e4 Hiekkaan piirretty, joka kertoo Orpokodin entisen johtajattaren Aura\u00a0Latvuksen el\u00e4m\u00e4st\u00e4.<\/p><p>\u00a0<\/p><p>Viime vuosikymmenin\u00e4 Parikanniemen ty\u00f6t\u00e4 on tehnyt tunnetuksi\u00a0Henrik\u00a0ja\u00a0Raija Ohliksen\u00a0yli 40 vuotinen\u00a0el\u00e4m\u00e4nty\u00f6 Parikanniemen lastenkodissa sek\u00e4 kaikkien muidenkin ty\u00f6ntekij\u00f6iden pitk\u00e4aikainen\u00a0sitoutuminen ty\u00f6h\u00f6n.\u00a0My\u00f6s Parikanniemen Yst\u00e4v\u00e4t ry:n j\u00e4senlehti Parikanniemen Kontti, yhdistyksen\u00a0kustantamat kirjat sek\u00e4 tuottamat radio-ohjelmat tekev\u00e4t ty\u00f6t\u00e4 tunneluksi.\u00a0Parikaniemis\u00e4\u00e4ti\u00f6n ty\u00f6ss\u00e4 on kolme keskeist\u00e4 ty\u00f6muotoa. Mikkeliss\u00e4 sijaitsevan lastenkodin lis\u00e4ksi toisena\u00a0on julistusty\u00f6 eri toimintamuotoineen sek\u00e4 kolmantena yst\u00e4v\u00e4ty\u00f6, joka kanavoituu kannatusyhdistyksen\u00a0kautta eri tavalla. Parikanniemis\u00e4\u00e4ti\u00f6n taustalla olevan uukuniemel\u00e4isen liikkeen perint\u00f6\u00f6n kuuluu<br \/>lastensuojelu, sananjulistus ja siit\u00e4 nouseva diakoninen auttamisty\u00f6.<\/p><p>\u00a0<\/p><p>Parikanniemis\u00e4\u00e4ti\u00f6 on yleishy\u00f6dyllinen j\u00e4rjest\u00f6, joka tahtoo palvella kristillisen arvomaailman pohjalta<br \/>huostaanotettuja ja sijoitettuja lapsia sek\u00e4 heid\u00e4n perheit\u00e4\u00e4n. Lis\u00e4ksi s\u00e4\u00e4ti\u00f6n toimintaan kuuluu eri-ik\u00e4isten parissa teht\u00e4v\u00e4 julistus- ja yst\u00e4v\u00e4ty\u00f6.<\/p><\/div><\/div><\/div><\/div><\/div><\/section><section class=\"elementor-section elementor-top-section elementor-element elementor-element-63ba4b6 elementor-section-boxed elementor-section-height-default elementor-section-height-default parallax_section_no qode_elementor_container_no\" data-id=\"63ba4b6\" data-element_type=\"section\"><div class=\"elementor-container elementor-column-gap-default\"><div class=\"elementor-column elementor-col-100 elementor-top-column elementor-element elementor-element-462c6bc\" data-id=\"462c6bc\" data-element_type=\"column\"><div class=\"elementor-widget-wrap elementor-element-populated\"><div class=\"elementor-element elementor-element-160d697 elementor-widget elementor-widget-spacer\" data-id=\"160d697\" data-element_type=\"widget\" data-widget_type=\"spacer.default\"><div class=\"elementor-widget-container\"><div class=\"elementor-spacer\">\u00a0<\/div><\/div><\/div><\/div><\/div><\/div><\/section>\t\t\t\t\t\t\t\t<\/div>\n\t\t\t\t<\/div>\n\t\t\t\t\t<\/div>\n\t\t<\/div>\n\t\t\t\t\t<\/div>\n\t\t<\/section>\n\t\t\t\t<\/div>\n\t\t","protected":false},"excerpt":{"rendered":"<p>HISTORIA Mikkeliss\u00e4 sijaitseva Parikanniemis\u00e4\u00e4ti\u00f6 on perustettu vuonna 1967 jatkamaan ns. uukuniemel\u00e4isen&nbsp;her\u00e4tyksen perint\u00f6\u00e4 ja toimintaa. Ristiinan kunnan liittyess\u00e4 Mikkeliin vuoden 2013 alusta s\u00e4\u00e4ti\u00f6n&nbsp;keskuspaikka on nyt Mikkelin kaupunki. Ennen s\u00e4\u00e4ti\u00f6n perustamista toiminta tapahtui kannatusyhdistyksen eli Parikanniemen Orpokotiyhdistys&nbsp;ry:n kautta, joka on perustettu jo vuonna 1917. Vuonna 2013 kannatusyhdistyksen&#8230;<\/p>\n","protected":false},"author":1,"featured_media":0,"parent":287,"menu_order":0,"comment_status":"closed","ping_status":"closed","template":"full_width.php","meta":{"_tec_requires_first_save":true,"_EventAllDay":false,"_EventTimezone":"","_EventStartDate":"","_EventEndDate":"","_EventStartDateUTC":"","_EventEndDateUTC":"","_EventShowMap":false,"_EventShowMapLink":false,"_EventURL":"","_EventCost":"","_EventCostDescription":"","_EventCurrencySymbol":"","_EventCurrencyCode":"","_EventCurrencyPosition":"","_EventDateTimeSeparator":"","_EventTimeRangeSeparator":"","_EventOrganizerID":[],"_EventVenueID":[],"_OrganizerEmail":"","_OrganizerPhone":"","_OrganizerWebsite":"","_VenueAddress":"","_VenueCity":"","_VenueCountry":"","_VenueProvince":"","_VenueState":"","_VenueZip":"","_VenuePhone":"","_VenueURL":"","_VenueStateProvince":"","_VenueLat":"","_VenueLng":"","_VenueShowMap":false,"_VenueShowMapLink":false,"_tribe_blocks_recurrence_rules":"","_tribe_blocks_recurrence_description":"","_tribe_blocks_recurrence_exclusions":"","footnotes":""},"class_list":["post-1208","page","type-page","status-publish","hentry"],"_links":{"self":[{"href":"https:\/\/parikanniemi.fi\/index.php?rest_route=\/wp\/v2\/pages\/1208","targetHints":{"allow":["GET"]}}],"collection":[{"href":"https:\/\/parikanniemi.fi\/index.php?rest_route=\/wp\/v2\/pages"}],"about":[{"href":"https:\/\/parikanniemi.fi\/index.php?rest_route=\/wp\/v2\/types\/page"}],"author":[{"embeddable":true,"href":"https:\/\/parikanniemi.fi\/index.php?rest_route=\/wp\/v2\/users\/1"}],"replies":[{"embeddable":true,"href":"https:\/\/parikanniemi.fi\/index.php?rest_route=%2Fwp%2Fv2%2Fcomments&post=1208"}],"version-history":[{"count":6,"href":"https:\/\/parikanniemi.fi\/index.php?rest_route=\/wp\/v2\/pages\/1208\/revisions"}],"predecessor-version":[{"id":1215,"href":"https:\/\/parikanniemi.fi\/index.php?rest_route=\/wp\/v2\/pages\/1208\/revisions\/1215"}],"up":[{"embeddable":true,"href":"https:\/\/parikanniemi.fi\/index.php?rest_route=\/wp\/v2\/pages\/287"}],"wp:attachment":[{"href":"https:\/\/parikanniemi.fi\/index.php?rest_route=%2Fwp%2Fv2%2Fmedia&parent=1208"}],"curies":[{"name":"wp","href":"https:\/\/api.w.org\/{rel}","templated":true}]}}